{"id":1339,"date":"2017-10-16T13:54:07","date_gmt":"2017-10-16T13:54:07","guid":{"rendered":"http:\/\/ninzio.com\/fundrize\/?page_id=1339"},"modified":"2020-09-18T20:21:50","modified_gmt":"2020-09-18T20:21:50","slug":"contactos","status":"publish","type":"page","link":"https:\/\/dimaxys.com\/?page_id=1339","title":{"rendered":"CONTACTOS"},"content":{"rendered":"<p>[vc_row][vc_column][vc_empty_space][vc_column_text]<\/p>\n<h1><\/h1>\n<h1><\/h1>\n<h1 style=\"text-align: center;\"><strong><span style=\"color: #ff0000;\">VISITA NUESTROS PUNTOS<\/span><br \/>\nDE VENTA<\/strong><\/h1>\n<p>[\/vc_column_text][vc_empty_space][\/vc_column][\/vc_row][vc_row_inner][vc_column_inner width=\u00bb1\/3&#8243;]<div class=\"fundrize-image-box clearfix text-center\" style=\"\">\r\n        <div class=\"item\">\r\n            <div class=\"inner\" style=\"\">\r\n                <div class=\"thumb\" style=\"\"><img width=\"438\" height=\"246\" src=\"https:\/\/dimaxys.com\/wp-content\/uploads\/2020\/09\/Grupo-3.jpg\" class=\"attachment-fundrize-small-auto size-fundrize-small-auto\" alt=\"\" loading=\"lazy\" srcset=\"https:\/\/dimaxys.com\/wp-content\/uploads\/2020\/09\/Grupo-3.jpg 438w, https:\/\/dimaxys.com\/wp-content\/uploads\/2020\/09\/Grupo-3-300x168.jpg 300w\" sizes=\"(max-width: 438px) 100vw, 438px\" \/><\/div>\r\n                <div class=\"text-wrap\" style=\"padding:0px 0px 0px 0px;\">\r\n                    <h3 class=\"title\" style=\"margin-top:48px;margin-bottom:12px;\">\r\n        <a target=\"_blank\" href=\"\">DIMAXY&#039;S 1<\/a>\r\n    <\/h3>   \r\n                <\/div>\r\n            <\/div>\r\n        <\/div>\r\n    <\/div>\r\n\t<div class=\"fundrize-spacer clearfix\" data-desktop=\"0\" data-mobi=\"30\" data-smobi=\"30\"><\/div>[\/vc_column_inner][vc_column_inner width=\u00bb1\/3&#8243;]<div class=\"fundrize-image-box clearfix text-center\" style=\"\">\r\n        <div class=\"item\">\r\n            <div class=\"inner\" style=\"\">\r\n                <div class=\"thumb\" style=\"\"><img width=\"437\" height=\"245\" src=\"https:\/\/dimaxys.com\/wp-content\/uploads\/2020\/09\/Grupo-2.jpg\" class=\"attachment-fundrize-small-auto size-fundrize-small-auto\" alt=\"\" loading=\"lazy\" srcset=\"https:\/\/dimaxys.com\/wp-content\/uploads\/2020\/09\/Grupo-2.jpg 437w, https:\/\/dimaxys.com\/wp-content\/uploads\/2020\/09\/Grupo-2-300x168.jpg 300w\" sizes=\"(max-width: 437px) 100vw, 437px\" \/><\/div>\r\n                <div class=\"text-wrap\" style=\"padding:0px 0px 0px 0px;\">\r\n                    <h3 class=\"title\" style=\"margin-top:48px;margin-bottom:12px;\">\r\n        <a target=\"_blank\" href=\"#\">DIMAXY&#039;S 2<\/a>\r\n    <\/h3>   \r\n                <\/div>\r\n            <\/div>\r\n        <\/div>\r\n    <\/div>\r\n\t<div class=\"fundrize-spacer clearfix\" data-desktop=\"0\" data-mobi=\"30\" data-smobi=\"30\"><\/div>[\/vc_column_inner][vc_column_inner width=\u00bb1\/3&#8243;]<div class=\"fundrize-image-box clearfix text-center\" style=\"\">\r\n        <div class=\"item\">\r\n            <div class=\"inner\" style=\"\">\r\n                <div class=\"thumb\" style=\"\"><img width=\"437\" height=\"246\" src=\"https:\/\/dimaxys.com\/wp-content\/uploads\/2020\/09\/Grupo-4.jpg\" class=\"attachment-fundrize-small-auto size-fundrize-small-auto\" alt=\"\" loading=\"lazy\" srcset=\"https:\/\/dimaxys.com\/wp-content\/uploads\/2020\/09\/Grupo-4.jpg 437w, https:\/\/dimaxys.com\/wp-content\/uploads\/2020\/09\/Grupo-4-300x169.jpg 300w\" sizes=\"(max-width: 437px) 100vw, 437px\" \/><\/div>\r\n                <div class=\"text-wrap\" style=\"padding:0px 0px 0px 0px;\">\r\n                    <h3 class=\"title\" style=\"margin-top:48px;margin-bottom:12px;\">\r\n        <a target=\"_blank\" href=\"#\">DIMAXY&#039;S 3<\/a>\r\n    <\/h3>   \r\n                <\/div>\r\n            <\/div>\r\n        <\/div>\r\n    <\/div>[\/vc_column_inner][\/vc_row_inner][vc_row][vc_column]\r\n\t<div class=\"fundrize-spacer clearfix\" data-desktop=\"96\" data-mobi=\"60\" data-smobi=\"60\"><\/div>[vc_gmaps link=\u00bb#E-8_JTNDaWZyYW1lJTIwc3JjJTNEJTIyaHR0cHMlM0ElMkYlMkZ3d3cuZ29vZ2xlLmNvbSUyRm1hcHMlMkZlbWJlZCUzRnBiJTNEJTIxMW0xOCUyMTFtMTIlMjExbTMlMjExZDc5NzkuNTQ2NDgwMjQ4OTgwNSUyMTJkLTc4LjUzODM3MDAyODkwNzclMjEzZC0wLjI3MjM2Njk5OTIwNTExNjglMjEybTMlMjExZjAlMjEyZjAlMjEzZjAlMjEzbTIlMjExaTEwMjQlMjEyaTc2OCUyMTRmMTMuMSUyMTNtMyUyMTFtMiUyMTFzMHg5MWQ1OThlZGM5NTg3MTM1JTI1M0EweGVkYzk1YjdiNGMxYmYyNWElMjEyc01lcmNhZG8lMjUyME11bmljaXBhbCUyNTIwTWF5b3Jpc3RhJTIxNWUwJTIxM20yJTIxMXNlcy00MTklMjEyc2VjJTIxNHYxNjAwNDU5NzkyNTg5JTIxNW0yJTIxMXNlcy00MTklMjEyc2VjJTIyJTIwd2lkdGglM0QlMjI2MDAlMjIlMjBoZWlnaHQlM0QlMjI0NTAlMjIlMjBmcmFtZWJvcmRlciUzRCUyMjAlMjIlMjBzdHlsZSUzRCUyMmJvcmRlciUzQTAlM0IlMjIlMjBhbGxvd2Z1bGxzY3JlZW4lM0QlMjIlMjIlMjBhcmlhLWhpZGRlbiUzRCUyMmZhbHNlJTIyJTIwdGFiaW5kZXglM0QlMjIwJTIyJTNFJTNDJTJGaWZyYW1lJTNF\u00bb]\r\n\t<div class=\"fundrize-spacer clearfix\" data-desktop=\"84\" data-mobi=\"60\" data-smobi=\"60\"><\/div>[vc_row_inner][vc_column_inner width=\u00bb9\/12&#8243;]<div class=\"fundrize-headings clearfix  left-sep\" data-font=28 style=\"padding-left:20px\"><h2 class=\"heading clearfix\" style=\"line-height:34px;font-size:28px;\">\r\n\t\tCONT\u00c1CTATE CON NOSOTROS\r\n\t<\/h2><p class=\"sub-heading clearfix\" style=\"font-style:italic;color:#b1b1b1;font-size:18px;font-family:PT Serif;\">\r\n\t\tD\u00e9janos tus datos y nos pondremos en contacto de inmediato\r\n\t<\/p><div class=\"sep clearfix\" style=\"width:4px;height:64px;\"><\/div><\/div>\r\n\t<div class=\"fundrize-spacer clearfix\" data-desktop=\"27\" data-mobi=\"27\" data-smobi=\"27\"><\/div><div role=\"form\" class=\"wpcf7\" id=\"wpcf7-f1284-o1\" lang=\"en-US\" dir=\"ltr\">\n<div class=\"screen-reader-response\"><p role=\"status\" aria-live=\"polite\" aria-atomic=\"true\"><\/p> <ul><\/ul><\/div>\n<form action=\"\/index.php?rest_route=%2Fwp%2Fv2%2Fpages%2F1339#wpcf7-f1284-o1\" method=\"post\" class=\"wpcf7-form init\" novalidate=\"novalidate\" data-status=\"init\">\n<div style=\"display: none;\">\n<input type=\"hidden\" name=\"_wpcf7\" value=\"1284\" \/>\n<input type=\"hidden\" name=\"_wpcf7_version\" value=\"5.3.2\" \/>\n<input type=\"hidden\" name=\"_wpcf7_locale\" value=\"en_US\" \/>\n<input type=\"hidden\" name=\"_wpcf7_unit_tag\" value=\"wpcf7-f1284-o1\" \/>\n<input type=\"hidden\" name=\"_wpcf7_container_post\" value=\"0\" \/>\n<input type=\"hidden\" name=\"_wpcf7_posted_data_hash\" value=\"\" \/>\n<\/div>\n<div class=\"fundrize-contact-form-1 input-bottom-18 message-height-120\">\n<span class=\"wpcf7-form-control-wrap your-name\"><input type=\"text\" name=\"your-name\" value=\"\" size=\"40\" class=\"wpcf7-form-control wpcf7-text wpcf7-validates-as-required\" aria-required=\"true\" aria-invalid=\"false\" placeholder=\"Name\" \/><\/span><span class=\"wpcf7-form-control-wrap your-email\"><input type=\"email\" name=\"your-email\" value=\"\" size=\"40\" class=\"wpcf7-form-control wpcf7-text wpcf7-email wpcf7-validates-as-required wpcf7-validates-as-email\" aria-required=\"true\" aria-invalid=\"false\" placeholder=\"Email\" \/><\/span><span class=\"wpcf7-form-control-wrap your-subject\"><input type=\"text\" name=\"your-subject\" value=\"\" size=\"40\" class=\"wpcf7-form-control wpcf7-text wpcf7-validates-as-required\" aria-required=\"true\" aria-invalid=\"false\" placeholder=\"Subject\" \/><\/span><span class=\"wpcf7-form-control-wrap your-message\"><textarea name=\"your-message\" cols=\"40\" rows=\"10\" class=\"wpcf7-form-control wpcf7-textarea\" aria-invalid=\"false\" placeholder=\"Message\"><\/textarea><\/span>\n<div class=\"wrap-submit\"><input type=\"submit\" value=\"SEND MESSAGE\" class=\"wpcf7-form-control wpcf7-submit\" \/><\/div>\n<\/div>\n<div class=\"wpcf7-response-output\" aria-hidden=\"true\"><\/div><\/form><\/div>\r\n\t<div class=\"fundrize-spacer clearfix\" data-desktop=\"0\" data-mobi=\"50\" data-smobi=\"50\"><\/div>[\/vc_column_inner][vc_column_inner width=\u00bb3\/12&#8243;]<div class=\"fundrize-icon-box clearfix icon-left2 w60 simple align-left  simple\"><div class=\"icon-wrap\" style=\"font-size:23px;\">\r\n\t\t\t\t<i class=\"fa fa-phone-square\"><\/i>\r\n\t\t\t<\/div> <h3 class=\"heading\" style=\"margin-left:35px;font-size:18px;margin-top:5px;margin-bottom:7px;\">\r\n\t\t<a target=\"_blank\" href=\"\">\r\n\t\t\t<span>TEL\u00c9FONOS<\/span>\r\n\t\t<\/a>\r\n\t<\/h3><\/div><div class=\"fundrize-divider divider-center divider-double\" style=\"border-top-color:#eeeeee;margin-bottom:12px;\"><\/div><div class=\"clearfix\"><\/div>[vc_column_text]Tel\u00e9fono1: (02) 2 673-754<br \/>\nTel\u00e9fono2: (02) 2 688-270<br \/>\nTel\u00e9fono3: (02) 2 674-289[\/vc_column_text]\r\n\t<div class=\"fundrize-spacer clearfix\" data-desktop=\"25\" data-mobi=\"25\" data-smobi=\"25\"><\/div><div class=\"fundrize-icon-box clearfix icon-left2 w60 simple align-left  simple\"><div class=\"icon-wrap\" style=\"font-size:25px;\">\r\n\t\t\t\t<i class=\"fa fa-map-marker\"><\/i>\r\n\t\t\t<\/div> <h3 class=\"heading\" style=\"margin-left:35px;font-size:18px;margin-top:5px;margin-bottom:7px;\">\r\n\t\t<a target=\"_blank\" href=\"\">\r\n\t\t\t<span>DIRECCI\u00d3N<\/span>\r\n\t\t<\/a>\r\n\t<\/h3><\/div><div class=\"fundrize-divider divider-center divider-double\" style=\"border-top-color:#eeeeee;margin-bottom:15px;\"><\/div><div class=\"clearfix\"><\/div>[vc_column_text]LOCAL C-12 Seccion Abastos[\/vc_column_text]\r\n\t<div class=\"fundrize-spacer clearfix\" data-desktop=\"25\" data-mobi=\"25\" data-smobi=\"25\"><\/div><div class=\"fundrize-icon-box clearfix icon-left2 w60 simple align-left  simple\"><div class=\"icon-wrap\" style=\"font-size:24px;\">\r\n\t\t\t\t<i class=\"fa fa-envelope-square\"><\/i>\r\n\t\t\t<\/div> <h3 class=\"heading\" style=\"margin-left:35px;font-size:18px;margin-top:5px;margin-bottom:7px;\">\r\n\t\t<a target=\"_blank\" href=\"\">\r\n\t\t\t<span>EMAIL<\/span>\r\n\t\t<\/a>\r\n\t<\/h3><\/div><div class=\"fundrize-divider divider-center divider-double\" style=\"border-top-color:#eeeeee;margin-bottom:15px;\"><\/div><div class=\"clearfix\"><\/div>[vc_column_text]hola@dimaxy.com[\/vc_column_text]<div class=\"fundrize-divider divider-center divider-double\" style=\"border-top-color:#eeeeee;margin-top:18px;margin-bottom:26px;\"><\/div><div class=\"clearfix\"><\/div><div class=\"fundrize-icon clearfix background\" style=\"margin:0px 2px 2px 2px;\"><a class=\"icon-wrap\" target=\"_blank\" href=\"https:\/\/www.youtube.com\/watch?v=wteoO0yJXEw\"><span class=\"icon \" style=\"font-size:16px;width:34px;height:34px;color:#c2c2c2;background-color:#f1f1f1;line-height:34px;\" ><i class=\"fa fa-facebook\"><\/i><\/span><\/a><\/div><div class=\"fundrize-icon clearfix background\" style=\"margin:0px 2px 2px 2px;\"><a class=\"icon-wrap\" target=\"_blank\" href=\"https:\/\/www.youtube.com\/watch?v=wteoO0yJXEw\"><span class=\"icon \" style=\"font-size:16px;width:34px;height:34px;color:#c2c2c2;background-color:#f1f1f1;line-height:34px;\" ><i class=\"fa fa-twitter\"><\/i><\/span><\/a><\/div>[\/vc_column_inner][\/vc_row_inner][\/vc_column][\/vc_row][vc_row][vc_column]\r\n\t<div class=\"fundrize-spacer clearfix\" data-desktop=\"126\" data-mobi=\"60\" data-smobi=\"60\"><\/div>[\/vc_column][\/vc_row]<\/p>\n","protected":false},"excerpt":{"rendered":"<p>[vc_row][vc_column][vc_empty_space][vc_column_text] VISITA NUESTROS PUNTOS DE VENTA [\/vc_column_text][vc_empty_space][\/vc_column][\/vc_row][vc_row_inner][vc_column_inner width=\u00bb1\/3&#8243;][\/vc_column_inner][vc_column_inner width=\u00bb1\/3&#8243;][\/vc_column_inner][vc_column_inner width=\u00bb1\/3&#8243;][\/vc_column_inner][\/vc_row_inner][vc_row][vc_column][vc_gmaps link=\u00bb#E-8_JTNDaWZyYW1lJTIwc3JjJTNEJTIyaHR0cHMlM0ElMkYlMkZ3d3cuZ29vZ2xlLmNvbSUyRm1hcHMlMkZlbWJlZCUzRnBiJTNEJTIxMW0xOCUyMTFtMTIlMjExbTMlMjExZDc5NzkuNTQ2NDgwMjQ4OTgwNSUyMTJkLTc4LjUzODM3MDAyODkwNzclMjEzZC0wLjI3MjM2Njk5OTIwNTExNjglMjEybTMlMjExZjAlMjEyZjAlMjEzZjAlMjEzbTIlMjExaTEwMjQlMjEyaTc2OCUyMTRmMTMuMSUyMTNtMyUyMTFtMiUyMTFzMHg5MWQ1OThlZGM5NTg3MTM1JTI1M0EweGVkYzk1YjdiNGMxYmYyNWElMjEyc01lcmNhZG8lMjUyME11bmljaXBhbCUyNTIwTWF5b3Jpc3RhJTIxNWUwJTIxM20yJTIxMXNlcy00MTklMjEyc2VjJTIxNHYxNjAwNDU5NzkyNTg5JTIxNW0yJTIxMXNlcy00MTklMjEyc2VjJTIyJTIwd2lkdGglM0QlMjI2MDAlMjIlMjBoZWlnaHQlM0QlMjI0NTAlMjIlMjBmcmFtZWJvcmRlciUzRCUyMjAlMjIlMjBzdHlsZSUzRCUyMmJvcmRlciUzQTAlM0IlMjIlMjBhbGxvd2Z1bGxzY3JlZW4lM0QlMjIlMjIlMjBhcmlhLWhpZGRlbiUzRCUyMmZhbHNlJTIyJTIwdGFiaW5kZXglM0QlMjIwJTIyJTNFJTNDJTJGaWZyYW1lJTNF\u00bb][vc_row_inner][vc_column_inner width=\u00bb9\/12&#8243;][\/vc_column_inner][vc_column_inner width=\u00bb3\/12&#8243;][vc_column_text]Tel\u00e9fono1: (02) 2 673-754 Tel\u00e9fono2: (02) 2 688-270 Tel\u00e9fono3: (02) 2 674-289[\/vc_column_text][vc_column_text]LOCAL C-12 Seccion Abastos[\/vc_column_text][vc_column_text]hola@dimaxy.com[\/vc_column_text][\/vc_column_inner][\/vc_row_inner][\/vc_column][\/vc_row][vc_row][vc_column][\/vc_column][\/vc_row]<\/p>\n","protected":false},"author":1,"featured_media":0,"parent":0,"menu_order":0,"comment_status":"closed","ping_status":"closed","template":"","meta":[],"_links":{"self":[{"href":"https:\/\/dimaxys.com\/index.php?rest_route=\/wp\/v2\/pages\/1339"}],"collection":[{"href":"https:\/\/dimaxys.com\/index.php?rest_route=\/wp\/v2\/pages"}],"about":[{"href":"https:\/\/dimaxys.com\/index.php?rest_route=\/wp\/v2\/types\/page"}],"author":[{"embeddable":true,"href":"https:\/\/dimaxys.com\/index.php?rest_route=\/wp\/v2\/users\/1"}],"replies":[{"embeddable":true,"href":"https:\/\/dimaxys.com\/index.php?rest_route=%2Fwp%2Fv2%2Fcomments&post=1339"}],"version-history":[{"count":8,"href":"https:\/\/dimaxys.com\/index.php?rest_route=\/wp\/v2\/pages\/1339\/revisions"}],"predecessor-version":[{"id":2573,"href":"https:\/\/dimaxys.com\/index.php?rest_route=\/wp\/v2\/pages\/1339\/revisions\/2573"}],"wp:attachment":[{"href":"https:\/\/dimaxys.com\/index.php?rest_route=%2Fwp%2Fv2%2Fmedia&parent=1339"}],"curies":[{"name":"wp","href":"https:\/\/api.w.org\/{rel}","templated":true}]}}